when 42384 is divided by 19375.
3634
What is the remainder when 1236696 is divided by 137?
134
Calculate the remainder when 370361 is divided by 10129.
5717
Calculate the remainder when 6648549 is divided by 35.
19
Calculate the remainder when 1342571 is divided by 3986.
3275
What is the remainder when 339140 is divided by 8923?
66
Calculate the remainder when 3569222 is divided by 11.
8
What is the remainder when 8586 is divided by 661?
654
What is the remainder when 434523643 is divided by 5?
3
Calculate the remainder when 65506 is divided by 4092.
34
What is the remainder when 60449 is divided by 11993?
484
What is the remainder when 366087 is divided by 1512?
183
Calculate the remainder when 3100093 is divided by 1041.
1036
What is the remainder when 6934548 is divided by 5152?
5108
What is the remainder when 603943 is divided by 46450?
93
Calculate the remainder when 159184 is divided by 30670.
5834
Calculate the remainder when 4193874 is divided by 1048467.
6
What is the remainder when 1292736 is divided by 430683?
687
Calculate the remainder when 17519054 is divided by 44352.
14
What is the remainder when 15717475 is divided by 1408?
1379
Calculate the remainder when 101295 is divided by 920.
95
What is the remainder when 3217325 is divided by 846?
833
Calculate the remainder when 33694703 is divided by 171.
8
Calculate the remainder when 181219 is divided by 928.
259
Calculate the remainder when 1835246874 is divided by 1315.
1314
What is the remainder when 88610 is divided by 409?
266
What is the remainder when 639985 is divided by 127860?
685
What is the remainder when 17774444 is divided by 1356?
1352
What is the remainder when 596501 is divided by 2675?
2651
What is the remainder when 19941602 is divided by 2215?
2172
What is the remainder when 610779 is divided by 10329?
1368
Calculate the remainder when 43620211 is divided by 161.
159
Calculate the remainder when 868505 is divided by 985.
720
Calculate the remainder when 7116390 is divided by 42.
36
Calculate the remainder when 564162 is divided by 18805.
12
What is the remainder when 5069204 is divided by 94?
66
What is the remainder when 17669589 is divided by 238?
231
Calculate the remainder when 618933 is divided by 874.
141
Calculate the remainder when 5594 is divided by 138.
74
Calculate the remainder when 16364769 is divided by 409119.
9
Calculate the remainder when 1823417 is divided by 124.
121
Calculate the remainder when 3222770 is divided by 52.
18
What is the remainder when 9426908 is divided by 1370?
1308
What is the remainder when 1425397 is divided by 4540?
4377
Calculate the remainder when 421022 is divided by 74.
36
Calculate the remainder when 38724 is divided by 158.
14
Calculate the remainder when 1393018 is divided by 1393010.
8
What is the remainder when 3454340 is divided by 62806?
10
Calculate the remainder when 426542 is divided by 2695.
732
Calculate the remainder when 3706303 is divided by 88245.
13
What is the remainder when 3959156 is divided by 6355?
6346
What is the remainder when 83292 is divided by 20748?
300
Calculate the remainder when 782575 is divided by 782344.
231
Calculate the remainder when 10417768 is divided by 5208862.
44
What is the remainder when 5843762 is divided by 2290?
1972
Calculate the remainder when 23632 is divided by 7860.
52
What is the remainder when 26226125 is divided by 428?
425
Calculate the remainder when 18401891 is divided by 3680375.
16
Calculate the remainder when 1494149 is divided by 136.
53
Calculate the remainder when 85670 is divided by 2769.
2600
Calculate the remainder when 2061065 is divided by 1732.
1717
What is the remainder when 23830556 is divided by 2018?
2012
What is the remainder when 58819 is divided by 9801?
13
Calculate the remainder when 381664 is divided by 10927.
10146
What is the remainder when 1041700 is divided by 65072?
548
Calculate the remainder when 285060 is divided by 11877.
12
Calculate the remainder when 34913325 is divided by 4.
1
What is the remainder when 66711 is divided by 190?
21
Calculate the remainder when 77711 is divided by 122.
119
What is the remainder when 4792646 is divided by 87?
77
What is the remainder when 19917592 is divided by 300?
292
Calculate the remainder when 3404745 is divided by 848.
25
Calculate the remainder when 530972 is divided by 1938.
1898
What is the remainder when 673296 is divided by 7651?
8
What is the remainder when 20108792 is divided by 800?
792
What is the remainder when 139119 is divided by 21?
15
What is the remainder when 525284 is divided by 174019?
3227
Calculate the remainder when 3193595 is divided by 6667.
102
Calculate the remainder when 229000 is divided by 228975.
25
Calculate the remainder when 3182602 is divided by 1483.
84
Calculate the remainder when 650934 is divided by 3143.
333
What is the remainder when 222095 is divided by 1019?
972
Calculate the remainder when 70226 is divided by 1746.
386
Calculate the remainder when 366906 is divided by 17306.
3480
What is the remainder when 97784436 is divided by 470?
466
What is the remainder when 634770 is divided by 44?
26
Calculate the remainder when 2400677 is divided by 511.
510
What is the remainder when 166791 is divided by 355?
296
Calculate the remainder when 725253 is divided by 725222.
31
Calculate the remainder when 4617345 is divided by 923357.
560
What is the remainder when 16692380 is divided by 45?
35
Calculate the remainder when 57387237 is divided by 1729.
1727
Calculate the remainder when 336484 is divided by 33088.
5604
What is the remainder when 1730259 is divided by 4293?
180
What is the remainder when 283194 is divided by 2860?
54
Calculate the remainder when 565663 is divided by 4362.
2965
Calculate the remainder when 65063 is divided by 78.
11
What is the remainder when 1716328 is divided by 376?
264
Calculate the remainder when 11654664 is divided by 1581.
1113
Calculate the remainder when 2156535 is divided by 1077914.
707
Calculate the remainder when 5966775 is divided by 37.
7
What is the remainder when 63156598 is divided by 11?
10
Calculate the remainder when 27161791 is divided by 122904.
7
What is the remainder when 1811833 is divided by 1811621?
212
What is the remainder when 2035226 is divided by 24818?
150
Calculate the remainder when 3809843 is divided by 1904918.
7
What is the remainder when 27353723 is divided by 2098?
2097
Calculate the remainder when 3772693 is divided by 130091.
54
Calculate the remainder when 666659 is divided by 817.
804
Calculate the remainder when 39970 is divided by 460.
410
Calculate the remainder when 4501646 is divided by 167.
161
Calculate the remainder when 192143 is divided by 191215.
928
Calculate the remainder when 3950708 is divided by 933.
386
Calculate the remainder when 678231 is divided by 42378.
183
Calculate the remainder when 67568214 is divided by 16309.
27
What is the remainder when 3277647 is divided by 409705?
7
Calculate the remainder when 66592078 is divided by 1498.
1484
What is the remainder when 59975 is divided by 6186?
4301
Calculate the remainder when 55333 is divided by 13827.
25
Calculate the remainder when 502144 is divided by 1790.
944
What is the remainder when 207143 is divided by 4705?
123
Calculate the remainder when 27981327 is divided by 26.
23
What is the remainder when 15265987 is divided by 3053163?
172
Calculate the remainder when 91793 is divided by 796.
253
What is the remainder when 362424 is divided by 400?
24
What is the remainder when 2666082 is divided by 8054?
208
What is the remainder when 39506050 is divided by 84?
10
Calculate the remainder when 60766145 is divided by 7.
6
Calculate the remainder when 21733217 is divided by 16.
1
Calculate the remainder when 60883174 is divided by 1403.
1392
What is the remainder when 96756 is divided by 19197?
771
What is the remainder when 977313 is divided by 1337?
1303
What is the remainder when 315477 is divided by 5257?
57
What is the remainder when 582523809 is divided by 247?
244
Calculate the remainder when 62328690 is divided by 4287.
4284
Calculate the remainder when 219202 is divided by 72380.
2062
What is the remainder when 1697392 is divided by 319?
312
Calculate the remainder when 483411 is divided by 54.
3
What is